+ -14. Calculate the highest common factor of v and b.
7
Suppose 4*q + 3*s - 1 = 3, 0 = 2*q + 2*s. What is the highest common factor of 8 and q?
4
Suppose -2*f = 3*f - 10. Let g(v) = -7*v + 0 - f + 0. Let p be g(-2). What is the highest common factor of 18 and p?
6
Let r = 1 - -17. Suppose -2*p - 4*v = -5*v - 5, 3*p - 2*v = 8. What is the greatest common factor of p and r?
2
Let w(l) = -13*l + 2. Let n be w(2). Let v = 45 + n. Let u = 34 - v. Calculate the greatest common divisor of u and 52.
13
Let w = -4 - -36. Suppose w = 5*k - 8. Calculate the greatest common divisor of k and 88.
8
Suppose 0 - 4 = -4*y. Calculate the highest common divisor of y and 1.
1
Suppose -5*f + 68 - 3 = 0. What is the highest common factor of f and 104?
13
Let j(t) = t**2 + 4*t. Let g be j(-4). Suppose q - 2*q + 1 = g. What is the greatest common divisor of 3 and q?
1
Let g be 23/3 + (-6)/9. What is the greatest common factor of g and 91?
7
Let n(w) = -w - w + 4*w - 5 + 3*w**2. Suppose -3 + 9 = -r. Let j be n(r). Calculate the greatest common factor of j and 13.
13
Let d be (-1 + (1 - 20))/((-8)/20). What is the highest common divisor of 25 and d?
25
Suppose -7*a - 156 = -11*a. What is the highest common divisor of a and 3?
3
Let q(t) = -t**3 + 3. Let n be -4 - 2/(1 - 3). Let x be q(n). What is the greatest common factor of 12 and x?
6
Suppose -3*r + 14*r - 264 = 0. Calculate the greatest common divisor of 72 and r.
24
Let x(y) = -y**2 - 9*y - 5. Let s be x(-6). Suppose 4*r = -r - 2*u + 514, 3*r + 4*u = 300. What is the greatest common divisor of r and s?
13
Suppose -94 = -2*g + 22. Suppose g = 2*r + 12. Suppose 0 = 4*n - 151 + r. What is the greatest common divisor of 80 and n?
16
Let u = 8 - 3. Suppose -x = -3 - u. Suppose 0 = 2*c + 3*c - 320. What is the greatest common divisor of c and x?
8
Let c(n) = 21*n**2 - n. Let a be c(1). Suppose -3 = -u - 0*u. Suppose -2*z - u*z = -20. What is the greatest common divisor of a and z?
4
Suppose -u = -0*u - 2*r - 12, 3*r - 8 = -5*u. Calculate the greatest common factor of 16 and u.
4
Let c(d) = -d**3 - d**2 + 2*d - 1. Let i be c(-3). Let k(o) = 0 - 10*o**2 + 0 - i*o + 3 - o**3. Let r be k(-9). What is the highest common divisor of 3 and r?
3
Suppose d + 3*d + 28 = 0. Let t = d + 23. What is the highest common factor of 48 and t?
16
Let l be 6/(-9)*(-174)/4. Let a = 71 - l. What is the highest common factor of 28 and a?
14
Suppose -16 - 10 = -q. Calculate the highest common factor of 156 and q.
26
Let a(k) = k**2 + 2. Let b be a(-2). Let i be (-6)/(-15) - b/15. Suppose -40 = -4*o - h, i = 5*h - 2 - 18. Calculate the greatest common divisor of o and 72.
9
Suppose 0 = -n + 5*k + 293, 4*n - 3*k = -2*k + 1096. Suppose n + 107 = 2*v. Calculate the highest common divisor of 19 and v.
19
Suppose 0 = c + 5*y - 180, -c + 0*y - y = -196. Calculate the highest common factor of 20 and c.
20
Suppose x = 5*r + 27, r + 4 = 1. Let t be (147/2 + 1)*x. Let z be t/8 - 4/(-16). Calculate the greatest common factor of 16 and z.
16
Let p = 12 - -28. Calculate the greatest common factor of p and 8.
8
Suppose 0 = -251*v + 245*v + 54. What is the greatest common factor of v and 117?
9
Let m(i) = 2*i - 4. Let r be m(13). Calculate the greatest common factor of r and 176.
22
Let n(y) = -3*y - 9. Let s be n(-8). Suppose 24 = w - 4*j, 2*w - 4*w - 3*j + s = 0. What is the greatest common divisor of w and 96?
12
Suppose 2*r = -3*g + 91, r + 3*r = g - 35. Let v(j) = 3*j**2 - 6*j - 12. Let k be v(7). What is the highest common divisor of k and g?
31
Let y be 55/(-4) - (-2)/(-8). Let r = y + 29. Let u = -180 - -315. What is the greatest common factor of u and r?
15
Suppose -5*t - 4*v + 259 = 0, 3*t = 2*v + v + 177. What is the greatest common divisor of t and 11?
11
Let m(i) = -i**3 + 3*i**2. Let r be m(3). Suppose r = 2*j - 5*j + 240. Let y = 36 - 20. What is the greatest common divisor of y and j?
16
Suppose 5*n - 4*n - 5 = 2*t, n = 4*t + 3. Let b = 11 - 8. Suppose -12 = -3*h, -5*l + b*h + 23 = -0*l. What is the highest common factor of l and n?
7
Suppose -g + 5*n + 115 = 4*g, 2*g - 3*n = 43. What is the greatest common factor of 26 and g?
26
Let h be 19/2 + 36/(-24). What is the greatest common divisor of 72 and h?
8
Let m be (28/6)/((-10)/(-45)) + -3. What is the greatest common divisor of 414 and m?
18
Suppose 131*z - 135*z + 32 = 0. What is the greatest common factor of 4 and z?
4
Let v be (-2)/6 + 105/45. Let n be 0/(-2 + (-1)/(-1)). Suppose n = -b - 0*b - 3*z - 10, 5*b - z - 30 = 0. Calculate the greatest common divisor of b and v.
1
Let c = -11 + 25. Suppose -5 = -4*g + 3. Let r be g/7 + (-24)/(-14). What is the highest common factor of c and r?
2
Let f(a) = 3*a**2 - 5*a + 14. Let s be f(2). Calculate the greatest common factor of 80 and s.
16
Let k be 4/(-10) - 3152/(-80). What is the highest common factor of 39 and k?
39
Suppose 8 = 5*q - q, 0 = b - 4*q + 6. What is the highest common factor of 22 and b?
2
Suppose t - 67 = 4*l, 5*l + 80 = -0*t + 5*t. Let u be (4/5)/(l/(-340)). What is the greatest common factor of 144 and u?
16
Let z = 6 - 3. Suppose -5*a - z = -603. Let m(h) = 14*h**3 + 2*h**2 - 2*h + 1. Let w be m(1). What is the greatest common divisor of a and w?
15
Let s(v) = -v + 2. Let w = -11 - -4. Let l be s(w). Calculate the greatest common divisor of 63 and l.
9
Let f be (5 - 2) + 4/(-4) + 0. What is the greatest common factor of 2 and f?
2
Let p = 350 - 206. Calculate the greatest common divisor of 16 and p.
16
Let l = 42 + -26. Let i(c) = -c**3 - 2*c**2 + 2*c - 4. Let m be i(-3). Let p(f) = f**2 - 2*f - 1. Let r be p(m). Calculate the highest common factor of l and r.
2
Let d = 26 + -20. What is the highest common factor of 24 and d?
6
Let b(l) = -l**2 - 8*l - 2. Let a be b(-6). Let w be 1 + -2 - (-20 - 2). Let s be (-60)/7*w/(-2). What is the greatest common factor of s and a?
10
Let v(f) = -f**3 - 6*f**2 + 4*f + 3. Let b be v(-7). Calculate the greatest common divisor of 3 and b.
3
Let f(s) = s. Let q(t) = 17*t - 1. Let n(v) = 3*f(v) - q(v). Let x be n(-1). Calculate the highest common divisor of 120 and x.
15
Let q be (-336)/(-40)*(-1 + 0 - -11). Calculate the greatest common factor of 28 and q.
28
Let g be 3*(-2 + 352/(-3)). Let v be 1/3 - g/6. Calculate the highest common divisor of 40 and v.
20
Suppose 2*v = 5*m - 30, 5*m + 0*v - 30 = -2*v. Calculate the highest common factor of 42 and m.
6
Suppose 5*d = 3*v + 3*d - 900, -2*v = -d - 600. Let f = -168 + v. What is the greatest common factor of f and 12?
12
Let c(x) = x**2 - 7*x + 12. Let j be c(9). Let l(u) = u**2 + 5*u - 2. Let t be l(-7). What is the greatest common factor of t and j?
6
Suppose -2*x + 234 = -96. Calculate the highest common divisor of 15 and x.
15
Let d be 226 - -5*(-2)/5. Calculate the highest common divisor of 28 and d.
28
Suppose 8 + 0 = -2*k, 128 = 4*q + 4*k. Let n be (-680)/(-28) + (-4)/14. Calculate the highest common factor of q and n.
12
Suppose 5*j - 15 = 5. Calculate the greatest common divisor of j and 20.
4
Let r(j) = -j. Let n be r(1). Let c = 16 + n. What is the highest common factor of 45 and c?
15
Suppose 4*r = 8*r + x - 44, -3*r + 33 = -3*x. Calculate the greatest common factor of r and 88.
11
Suppose -3*s + 2*v + 6 = -55, -s - 4*v - 3 = 0. Suppose -5*t = s - 102. Calculate the highest common divisor of 17 and t.
17
Suppose 2*p + 20 = 3*f, 4*p + p - 1 = -f. Calculate the highest common divisor of 66 and f.
6
Let n = -12 + 13. Let d be 264/60*(6 - n). What is the highest common factor of d and 11?
11
Suppose -4*k = -4*d, k + 12 = 5*d + 2*k. Suppose 3*o - 4 = d. Calculate the highest common factor of 22 and o.
2
Let p(k) = -k**3 + 6*k**2 + 2. Let b be p(6). Suppose 3 = -b*z + 263. What is the greatest common factor of z and 52?
26
Suppose 19*r - 17*r - 378 = 0. Calculate the highest common factor of 27 and r.
27
Let n(w) = w**3 + 12*w**2 - 10*w + 17. Let v be n(-13). Let z be (-11)/v*(-26)/(-1). Calculate the highest common divisor of z and 65.
13
Suppose 4*h - 6 = 2. Suppose 0*t = -h*t + 184. Calculate the greatest common factor of t and 23.
23
Let k be (66/(-4))/((-13)/(-8) - 2). What is the greatest common divisor of k and 33?
11
Let l be (-90)/(-36) + 602/4. Calculate the greatest common factor of l and 17.
17
Suppose 315 = -0*u + 3*u. S